629?
448
What is the remainder when 35430 is divided by 172?
170
What is the remainder when 118134 is divided by 1147?
1140
Calculate the remainder when 783008 is divided by 940.
928
Calculate the remainder when 7938 is divided by 361.
357
What is the remainder when 423869 is divided by 213?
212
Calculate the remainder when 32243 is divided by 39.
29
What is the remainder when 115344 is divided by 23068?
4
What is the remainder when 38909 is divided by 9721?
25
What is the remainder when 61249 is divided by 141?
55
Calculate the remainder when 442573 is divided by 843.
841
Calculate the remainder when 7996 is divided by 475.
396
What is the remainder when 7697 is divided by 22?
19
What is the remainder when 2155 is divided by 360?
355
What is the remainder when 2940727 is divided by 65?
62
What is the remainder when 8453 is divided by 273?
263
Calculate the remainder when 13433 is divided by 1149.
794
Calculate the remainder when 33715 is divided by 379.
363
What is the remainder when 2598 is divided by 2484?
114
Calculate the remainder when 3280879 is divided by 391.
389
What is the remainder when 75037 is divided by 59?
48
Calculate the remainder when 28526 is divided by 47.
44
What is the remainder when 39232 is divided by 19605?
22
Calculate the remainder when 156429 is divided by 12.
9
Calculate the remainder when 23260 is divided by 1368.
4
Calculate the remainder when 957248 is divided by 69.
11
Calculate the remainder when 23007 is divided by 11227.
553
What is the remainder when 671919 is divided by 7813?
1
What is the remainder when 139572 is divided by 157?
156
Calculate the remainder when 2381072 is divided by 9.
5
What is the remainder when 4968 is divided by 109?
63
What is the remainder when 1178 is divided by 1167?
11
Calculate the remainder when 76220 is divided by 13.
1
Calculate the remainder when 86465 is divided by 703.
699
Calculate the remainder when 749934 is divided by 22.
20
Calculate the remainder when 209673 is divided by 4763.
101
Calculate the remainder when 6510 is divided by 407.
405
What is the remainder when 653339 is divided by 86?
83
Calculate the remainder when 65017 is divided by 5001.
4
What is the remainder when 268385 is divided by 244?
229
What is the remainder when 3989 is divided by 21?
20
Calculate the remainder when 1051748 is divided by 271.
268
What is the remainder when 171392 is divided by 5?
2
Calculate the remainder when 2168 is divided by 2092.
76
What is the remainder when 3067 is divided by 17?
7
What is the remainder when 9520 is divided by 794?
786
What is the remainder when 17046337 is divided by 59?
57
What is the remainder when 44031 is divided by 14661?
48
Calculate the remainder when 14916 is divided by 305.
276
Calculate the remainder when 1074 is divided by 900.
174
Calculate the remainder when 1681 is divided by 276.
25
What is the remainder when 44350 is divided by 33?
31
Calculate the remainder when 118783 is divided by 3299.
19
What is the remainder when 1248 is divided by 228?
108
What is the remainder when 10481 is divided by 15?
11
Calculate the remainder when 9026 is divided by 6913.
2113
Calculate the remainder when 2954 is divided by 175.
154
Calculate the remainder when 16391 is divided by 16381.
10
What is the remainder when 9722687 is divided by 2564?
2563
Calculate the remainder when 24047 is divided by 89.
17
What is the remainder when 61893 is divided by 331?
327
What is the remainder when 55703 is divided by 27844?
15
Calculate the remainder when 667 is divided by 249.
169
Calculate the remainder when 469302 is divided by 142.
134
What is the remainder when 2999 is divided by 980?
59
What is the remainder when 28170 is divided by 52?
38
What is the remainder when 3410 is divided by 1110?
80
Calculate the remainder when 70208 is divided by 87.
86
Calculate the remainder when 1192 is divided by 254.
176
What is the remainder when 26371 is divided by 218?
211
What is the remainder when 5565 is divided by 233?
206
Calculate the remainder when 16277 is divided by 6.
5
What is the remainder when 4145 is divided by 68?
65
What is the remainder when 22543 is divided by 7316?
595
What is the remainder when 2500 is divided by 581?
176
What is the remainder when 187 is divided by 21?
19
Calculate the remainder when 3741 is divided by 676.
361
What is the remainder when 9192 is divided by 420?
372
Calculate the remainder when 21095 is divided by 36.
35
Calculate the remainder when 25223 is divided by 12607.
9
Calculate the remainder when 457587 is divided by 251.
14
What is the remainder when 3855 is divided by 1248?
111
Calculate the remainder when 1017 is divided by 349.
319
What is the remainder when 2455 is divided by 2443?
12
What is the remainder when 84804 is divided by 181?
96
Calculate the remainder when 1822 is divided by 5.
2
What is the remainder when 121770 is divided by 121733?
37
Calculate the remainder when 9250 is divided by 794.
516
Calculate the remainder when 1825 is divided by 1770.
55
What is the remainder when 124077 is divided by 188?
185
What is the remainder when 8548 is divided by 282?
88
Calculate the remainder when 127498 is divided by 1574.
4
What is the remainder when 628 is divided by 299?
30
Calculate the remainder when 11879 is divided by 258.
11
Calculate the remainder when 2191 is divided by 310.
21
What is the remainder when 4073 is divided by 334?
65
Calculate the remainder when 118442 is divided by 2.
0
What is the remainder when 322077 is divided by 567?
21
Calculate the remainder when 126823 is divided by 697.
666
What is the remainder when 1488 is divided by 85?
43
Calculate the remainder when 3490 is divided by 317.
3
What is the remainder when 27330 is divided by 1438?
8
What is the remainder when 9333 is divided by 3008?
309
Calculate the remainder when 877 is divided by 2.
1
What is the remainder when 165133 is divided by 33?
1
Calculate the remainder when 72943 is divided by 18112.
495
Calculate the remainder when 685158 is divided by 94.
86
What is the remainder when 140863 is divided by 140851?
12
Calculate the remainder when 16301 is divided by 339.
29
Calculate the remainder when 146634 is divided by 4.
2
What is the remainder when 4630 is divided by 232?
222
Calculate the remainder when 12510 is divided by 4167.
9
Calculate the remainder when 16203 is divided by 105.
33
Calculate the remainder when 157917 is divided by 23.
22
What is the remainder when 646159 is divided by 76?
7
Calculate the remainder when 948151 is divided by 92.
91
Calculate the remainder when 27058 is divided by 322.
10
What is the remainder when 195989 is divided by 1000?
989
Calculate the remainder when 1625 is divided by 1474.
151
What is the remainder when 18924 is divided by 6291?
51
Calculate the remainder when 343141 is divided by 171561.
19
Calculate the remainder when 13148 is divided by 5.
3
Calculate the remainder when 27072 is divided by 509.
95
What is the remainder when 309719 is divided by 31?
29
Calculate the remainder when 769 is divided by 186.
25
Calculate the remainder when 5135 is divided by 112.
95
Calculate the remainder when 9848 is divided by 655.
23
What is the remainder when 9439 is divided by 4631?
177
Calculate the remainder when 19637 is divided by 41.
39
What is the remainder when 229761 is divided by 164?
161
What is the remainder when 465983 is divided by 67?
65
Calculate the remainder when 7678 is divided by 307.
3
Calculate the remainder when 13977 is divided by 2794.
7
What is the remainder when 45483 is divided by 892?
883
Calculate the remainder when 5820 is divided by 42.
24
What is the remainder when 2847 is divided by 710?
7
What is the remainder when 660540 is divided by 48?
12
Calculate the remainder when 63644 is divided by 31812.
20
What is the remainder when 20258 is divided by 6732?
62
What is the remainder when 10214 is divided by 3119?
857
Calculate the remainder when 45103 is divided by 19.
16
Calculate the remainder when 7490 is divided by 594.
362
What is the remainder when 375966 is divided by 58?
10
What is the remainder when 123012 is divided by 59?
56
Calculate the remainder when 3982769 is divided by 135.
134
What is the remainder when 38335 is divided by 8?
7
Calculate the remainder when 4364